93267 is divided by 389?
379
Calculate the remainder when 743474 is divided by 247634.
572
Calculate the remainder when 7514136 is divided by 23.
13
What is the remainder when 386844 is divided by 48354?
12
Calculate the remainder when 1883337 is divided by 2357.
94
What is the remainder when 1162295 is divided by 1887?
1790
Calculate the remainder when 140331 is divided by 70127.
77
What is the remainder when 453747 is divided by 547?
284
What is the remainder when 4228535 is divided by 325265?
90
What is the remainder when 97634974 is divided by 119?
115
Calculate the remainder when 407610 is divided by 1004.
990
Calculate the remainder when 8939126 is divided by 31.
28
What is the remainder when 117589 is divided by 19402?
1177
Calculate the remainder when 170524053 is divided by 124.
121
Calculate the remainder when 250584358 is divided by 260.
258
What is the remainder when 31284657 is divided by 2215?
2212
Calculate the remainder when 139504451 is divided by 182.
177
What is the remainder when 564477 is divided by 1440?
1437
What is the remainder when 3398968 is divided by 550?
518
What is the remainder when 1499516 is divided by 104?
44
What is the remainder when 38457273 is divided by 19228619?
35
Calculate the remainder when 16799274 is divided by 8399621.
32
What is the remainder when 21329 is divided by 6883?
680
What is the remainder when 2271199 is divided by 61?
47
Calculate the remainder when 12273929 is divided by 128.
9
What is the remainder when 13372284 is divided by 4457427?
3
Calculate the remainder when 60807 is divided by 382.
69
Calculate the remainder when 885459 is divided by 20982.
4215
What is the remainder when 1612935 is divided by 806460?
15
Calculate the remainder when 495227232 is divided by 4.
0
What is the remainder when 2876836 is divided by 2042?
1700
Calculate the remainder when 4356455 is divided by 894.
887
Calculate the remainder when 872629 is divided by 124621.
282
What is the remainder when 78932671 is divided by 416?
415
Calculate the remainder when 70279 is divided by 971.
367
What is the remainder when 14338252 is divided by 224?
12
Calculate the remainder when 1462554 is divided by 73.
72
What is the remainder when 74959201 is divided by 21?
16
Calculate the remainder when 13918603 is divided by 2319763.
25
Calculate the remainder when 150599758 is divided by 1032.
1030
What is the remainder when 592213 is divided by 259?
139
Calculate the remainder when 2462328 is divided by 1231158.
12
Calculate the remainder when 708549 is divided by 236133.
150
Calculate the remainder when 8266927 is divided by 1180975.
102
What is the remainder when 40000 is divided by 6961?
5195
What is the remainder when 1102519 is divided by 155?
4
Calculate the remainder when 9217275 is divided by 190.
185
What is the remainder when 241467 is divided by 59350?
4067
Calculate the remainder when 932070 is divided by 310686.
12
What is the remainder when 67345157 is divided by 970?
967
What is the remainder when 1295681637 is divided by 20?
17
What is the remainder when 17745 is divided by 1350?
195
What is the remainder when 2538803 is divided by 443?
413
Calculate the remainder when 145847 is divided by 16176.
263
Calculate the remainder when 50192218 is divided by 60.
58
Calculate the remainder when 2909870 is divided by 415669.
187
What is the remainder when 112752 is divided by 970?
232
What is the remainder when 9918802 is divided by 554?
540
Calculate the remainder when 4222330 is divided by 17520.
10
Calculate the remainder when 103405624 is divided by 21.
7
What is the remainder when 5029552 is divided by 92?
4
What is the remainder when 5120 is divided by 131?
11
What is the remainder when 11238309 is divided by 24974?
9
Calculate the remainder when 318980528 is divided by 427.
426
What is the remainder when 298841 is divided by 5150?
141
What is the remainder when 9613746 is divided by 259828?
110
Calculate the remainder when 19859 is divided by 989.
79
Calculate the remainder when 17199439 is divided by 907.
905
What is the remainder when 1547149 is divided by 193393?
5
What is the remainder when 68809884 is divided by 101?
99
Calculate the remainder when 75654 is divided by 93.
45
What is the remainder when 5345313 is divided by 2313?
2283
What is the remainder when 1318513 is divided by 181?
109
Calculate the remainder when 146872 is divided by 5842.
822
What is the remainder when 19596053 is divided by 283?
1
Calculate the remainder when 245629 is divided by 18733.
2100
Calculate the remainder when 13032250 is divided by 58.
56
What is the remainder when 2090041215 is divided by 10319?
10317
Calculate the remainder when 907703 is divided by 5417.
3064
Calculate the remainder when 495209 is divided by 13007.
943
Calculate the remainder when 715763 is divided by 42099.
80
What is the remainder when 210143 is divided by 52053?
1931
Calculate the remainder when 3224428 is divided by 6621.
1
What is the remainder when 236814686 is divided by 976?
974
Calculate the remainder when 17550368 is divided by 8775169.
30
What is the remainder when 6044254 is divided by 3022125?
4
What is the remainder when 12762 is divided by 718?
556
Calculate the remainder when 3284173 is divided by 4816.
4477
What is the remainder when 75413 is divided by 1033?
4
What is the remainder when 918888 is divided by 35339?
74
Calculate the remainder when 1628369 is divided by 33.
17
What is the remainder when 1504207 is divided by 37?
9
Calculate the remainder when 250288 is divided by 1280.
688
Calculate the remainder when 79797065 is divided by 243.
239
What is the remainder when 758779 is divided by 711?
142
Calculate the remainder when 2122244 is divided by 333.
35
What is the remainder when 347868 is divided by 60?
48
Calculate the remainder when 2859153 is divided by 5994.
15
Calculate the remainder when 11309 is divided by 2325.
2009
Calculate the remainder when 20912116 is divided by 20912105.
11
Calculate the remainder when 407675 is divided by 118.
103
Calculate the remainder when 1922290 is divided by 2878.
2664
Calculate the remainder when 449249 is divided by 34504.
697
What is the remainder when 15053 is divided by 4972?
137
Calculate the remainder when 872557 is divided by 1922.
1891
Calculate the remainder when 16231587 is divided by 79.
10
Calculate the remainder when 209649 is divided by 4557.
27
What is the remainder when 2495090 is divided by 82?
76
What is the remainder when 256067 is divided by 128020?
27
Calculate the remainder when 57441543 is divided by 5131.
5129
Calculate the remainder when 506629 is divided by 46056.
13
What is the remainder when 493070613 is divided by 1314?
1311
Calculate the remainder when 68673 is divided by 34004.
665
What is the remainder when 41845 is divided by 618?
439
Calculate the remainder when 554222 is divided by 773.
754
What is the remainder when 100771 is divided by 6555?
2446
Calculate the remainder when 10173855 is divided by 112.
111
Calculate the remainder when 8289816 is divided by 1850.
1816
What is the remainder when 399154 is divided by 432?
418
What is the remainder when 195684 is divided by 1863?
69
Calculate the remainder when 433490 is divided by 2113.
325
What is the remainder when 1877984 is divided by 1453?
708
What is the remainder when 9083009 is divided by 50461?
29
What is the remainder when 985351 is divided by 492656?
39
What is the remainder when 49440 is divided by 49253?
187
Calculate the remainder when 2371952 is divided by 2330.
12
Calculate the remainder when 100683 is divided by 1398.
27
Calculate the remainder when 273698 is divided by 68305.
478
What is the remainder when 93885 is divided by 60?
45
Calculate the remainder when 246908 is divided by 81793.
1529
Calculate the remainder when 261626 is divided by 234.
14
What is the remainder when 18914845 is divided by 12669?
28
What is the remainder when 3240452 is divided by 34?
14
What is the remainder when 281744 is divided by 5524?
20
What is the remainder when 407063 is divided by 203435?
193
What is the remainder when 168481 is divided by 12026?
117
Calculate the remainder when 1938801 is divided by 646056.
633
Calculate the remainder when 28708 is divided by 14323.
62
What is the remainder wh